se 9.
-2080
Convert -46327 (base 10) to base 6.
-554251
What is 389 (base 11) in base 15?
20a
-1276 (base 10) to base 4
-103330
What is -528 (base 11) in base 4?
-21323
-301023 (base 4) to base 5
-100042
What is -22 (base 7) in base 5?
-31
What is 1002 (base 9) in base 6?
3215
501 (base 12) to base 4
23101
What is 419 (base 16) in base 2?
10000011001
-10101000110 (base 2) to base 13
-7cb
What is 563 (base 11) in base 15?
2ee
What is -2402 (base 11) in base 5?
-100043
Convert 202001 (base 3) to base 4.
20131
Convert -16222 (base 9) to base 6.
-123245
55143 (base 6) to base 9
11410
Convert 13300 (base 6) to base 16.
804
What is -29 (base 12) in base 5?
-113
Convert -22344 (base 5) to base 9.
-2166
-1a14 (base 11) to base 5
-40211
-11587 (base 9) to base 7
-31444
10011110 (base 2) to base 5
1113
20513 (base 7) to base 9
6838
What is -121000 (base 4) in base 16?
-640
What is -1353 (base 9) in base 14?
-52c
Convert -67517 (base 8) to base 9.
-43071
Convert 22112022 (base 3) to base 2.
1100001001010
What is -5064 (base 9) in base 12?
-2187
211012022 (base 3) to base 12
9445
What is b77c (base 13) in base 3?
1021220201
Convert -100020 (base 4) to base 16.
-408
What is 24609 (base 10) in base 8?
60041
391 (base 14) to base 6
3151
What is 140 (base 15) in base 12?
1b9
Convert -506 (base 7) to base 16.
-fb
-52d (base 15) to base 7
-3256
Convert -3124 (base 8) to base 4.
-121110
3333013 (base 4) to base 13
757c
Convert 2a4 (base 14) to base 15.
25b
What is -4141 (base 6) in base 9?
-1237
4092 (base 10) to base 14
16c4
Convert 2365 (base 7) to base 12.
614
What is 1022110 (base 3) in base 12?
679
a7a (base 14) to base 10
2068
What is 1633 (base 9) in base 7?
3426
-272 (base 9) to base 4
-3203
What is 14a4 (base 11) in base 15?
889
Convert -26bd (base 16) to base 2.
-10011010111101
Convert -22a (base 13) to base 2.
-101110110
-6315 (base 13) to base 14
-4dd1
5996 (base 16) to base 13
a592
b41 (base 16) to base 8
5501
253 (base 11) to base 2
100101100
110010012 (base 3) to base 12
5142
-14322 (base 8) to base 12
-3816
Convert -12479 (base 10) to base 3.
-122010012
What is -1000011110010101 (base 2) in base 9?
-52545
Convert -453 (base 12) to base 16.
-27f
Convert 22202120 (base 4) to base 8.
124230
What is -34417 (base 10) in base 5?
-2100132
What is -10011000 (base 4) in base 3?
-211220200
-2200 (base 5) to base 12
-210
What is -1414 (base 5) in base 12?
-176
-2202211122 (base 3) to base 13
-1baa9
111011100 (base 2) to base 16
1dc
41024 (base 6) to base 16
1528
1a7d (base 16) to base 13
3118
191bc (base 13) to base 8
137022
What is 4516 (base 10) in base 11?
3436
-36862 (base 10) to base 3
-1212120021
What is -1650 (base 16) in base 6?
-42240
What is -111100100 (base 2) in base 5?
-3414
What is -110042 (base 5) in base 7?
-13666
-20676 (base 11) to base 13
-10909
Convert -1fd (base 16) to base 9.
-625
-2615 (base 10) to base 6
-20035
2165 (base 11) to base 16
b26
What is -442 (base 11) in base 14?
-29c
Convert -141 (base 9) to base 8.
-166
Convert -14428 (base 9) to base 15.
-2da2
-205 (base 16) to base 3
-201011
52 (base 12) to base 3
2022
Convert 800 (base 13) to base 9.
1762
What is -31212 (base 4) in base 10?
-870
What is 1101011101 (base 2) in base 6?
3553
What is -4054 (base 7) in base 10?
-1411
Convert 1121550 (base 6) to base 2.
1110000001101010
Convert 101201221 (base 4) to base 12.
35661
-1e46 (base 16) to base 8
-17106
100011011011 (base 2) to base 4
203123
What is -10434 (base 5) in base 9?
-1016
Convert 207 (base 15) to base 9.
557
-520 (base 7) to base 11
-216
1023020 (base 4) to base 13
225b
Convert -3012 (base 6) to base 13.
-3b6
What is -1344 (base 9) in base 2?
-1111110100
What is -679 (base 11) in base 9?
-1102
415 (base 12) to base 14
305
What is 5457 (base 9) in base 16?
fb5
17311 (base 8) to base 5
223011
-2213232 (base 4) to base 2
-10100111101110
What is eb4 (base 15) in base 2?
110011110111
522 (base 8) to base 12
242
Convert 22413 (base 11) to base 10.
32442
Convert 1000100101011001 (base 2) to base 15.
a641
What is 1310 (base 7) in base 13?
2c3
-21f3 (base 16) to base 2
-10000111110011
What is -31915 (base 10) in base 15?
-96ca
-1000403 (base 5) to base 8
-36560
What is 110011000 (base 2) in base 3?
120010
What is 5727 (base 13) in base 16?
2fa9
Convert a2d (base 16) to base 7.
10411
111012022 (base 3) to base 7
40022
What is -585 (base 12) in base 2?
-1100110101
41353 (base 6) to base 7
22104
Convert -2a99 (base 11) to base 16.
-f8c
-27853 (base 11) to base 14
-10625
What is -1202100 (base 4) in base 9?
-8556
-558 (base 11) to base 9
-822
What is 4214 (base 9) in base 10?
3091
-6538 (base 9) to base 10
-4814
What is 10112021 (base 3) in base 11?
1a29
1010111111 (base 2) to base 8
1277
1101002 (base 3) to base 7
2630
What is 4a8 (base 12) in base 7?
2024
3a47 (base 14) to base 13
488b
Convert 122425 (base 7) to base 6.
252114
What is 1010110000111 (base 2) in base 7?
22032
What is 229b9 (base 12) in base 4?
23110131
-202011 (base 4) to base 5
-32211
-c988 (base 15) to base 10
-42653
Convert -22531 (base 6) to base 8.
-6227
-10b1a (base 13) to base 3
-1112202112
1220 (base 6) to base 13
1a1
143040 (base 5) to base 8
13604
Convert -10c8a (base 14) to base 9.
-62073
-502301 (base 6) to base 4
-21213331
What is -60a2 (base 12) in base 7?
-42404
4398 (base 10) to base 16
112e
Convert -1143001 (base 5) to base 15.
-661b
Convert 101345 (base 6) to base 11.
6120
-1000100200 (base 3) to base 7
-112101
1000111010000011 (base 2) to base 3
1212001020
What is 539a (base 14) in base 16?
386c
Convert -1200 (base 12) to base 7.
-5610
Convert 122021200 (base 3) to base 8.
30470
Convert -3336 (base 14) to base 16.
-22a4
What is 320332 (base 6) in base 14?
96c8
-6055 (base 10) to base 16
-17a7
Convert -32231 (base 5) to base 16.
-88f
Convert -2c5 (base 15) to base 12.
-44b
Convert -743 (base 10) to base 11.
-616
Convert -513504 (base 6) to base 8.
-120060
354 (base 16) to base 10
852
-24203 (base 6) to base 8
-6713
What is 110110100011 (base 2) in base 4?
312203
210202012 (base 3) to base 11
10a03
What is -100302 (base 4) in base 16?
-432
-1884 (base 10) to base 4
-131130
26 (base 9) to base 14
1a
What is 324530 (base 6) in base 10?
26982
Convert 1110201 (base 3) to base 11.
895
Convert -2403 (base 13) to base 3.
-20221220
What is c125 (base 15) in base 8?
117470
-4379 (base 10) to base 13
-1cbb
What is -7143 (base 10) in base 7?
-26553
What is -10130 (base 4) in base 6?
-1152
-200122 (base 4) to base 12
-124a
What is 244 (base 6) in base 9?
121
What is -1010111000100001 (base 2) in base 9?
-67130
Convert 3a2 (base 13) to base 10.
639
Convert 1144505 (base 6) to base 13.
217c7
-43665 (base 7) to base 13
-4cc2
What is 2143 (base 8) in base 11?
931
222110 (base 3) to base 10
714
Convert 3b79 (base 13) to base 11.
6473
1111111001011 (base 2) to base 12
4863
What is 705a (base 12) in base 8?
27606
What is -1155 (base 7) in base 16?
-1b0
Convert -11001100 (base 2) to base 14.
-108
Convert -11011110100 (base 2) to base 9.
-2387
What is -82 (base 9) in base 13?
-59
65087 (base 9) to base 4
22201102
Convert 3009 (base 13) to base 4.
1213020
-120513 (base 7) to base 13
-9c4b
Convert 17645 (base 9) to base 4.
2332133
-10110 (base 2) to base 13
-19
Convert 2440 (base 5) to base 3.
111201
Convert 410 (base 14) to base 6.
3410
What is 4501 (base 11) in base 9?
8118
Convert -1204331 (base 5) to base 2.
-101011111000010
-61 (base 13) to base 14
-59
What is 534a (base 15) in base 5?
1030440
What is 11044 (base 6) in base 4?
120010
16 (base 16) to base 6
34
2573 (base 14) to base 3
100000022
20001 (base 4) to base 14
289
Convert -4020 (base 8) to base 12.
-1240
Convert -52f6 (base 16) to base 6.
-242154
Convert -3626 (base 9) to base 14.
-da9
Convert 46cb (base 14) to base 4.
3000223
-415 (base 15) to base 14
-49a
187 (base 11) to base 13
138
38b (base 12) to base 4
20123
-7344 (base 10) to base 4
-1302300
-82 (base 10) to base 5
-312
Convert -16c53 (base 13) to base 12.
-21453
Convert 120 (base 14) to base 8.
340
Convert -32150 (base 6) to base 15.
-1476
Convert -186a (base 12) to base 3.
-11001201
What is 10313210 (base 4) in base 11?
13a88
Convert -59 (base 15) to base 12.
-70
-91b (base 16) to base 5
-33311
Convert 11365 (base 7) to base 9.
4024
Convert 11